?
23
What is the remainder when 100559 is divided by 142?
23
Calculate the remainder when 6596 is divided by 511.
464
What is the remainder when 12559 is divided by 53?
51
Calculate the remainder when 34573 is divided by 11362.
487
Calculate the remainder when 53540 is divided by 24.
20
Calculate the remainder when 29813 is divided by 627.
344
What is the remainder when 59222 is divided by 217?
198
What is the remainder when 34448 is divided by 8582?
120
Calculate the remainder when 19014 is divided by 4751.
10
What is the remainder when 633014 is divided by 20?
14
What is the remainder when 1026 is divided by 113?
9
What is the remainder when 82985 is divided by 1169?
1155
Calculate the remainder when 12059 is divided by 1004.
11
Calculate the remainder when 93527 is divided by 2834.
5
What is the remainder when 10307 is divided by 123?
98
What is the remainder when 6591 is divided by 1317?
6
What is the remainder when 23838 is divided by 7888?
174
Calculate the remainder when 168307 is divided by 37.
31
Calculate the remainder when 2834 is divided by 2810.
24
Calculate the remainder when 7419 is divided by 64.
59
Calculate the remainder when 185258 is divided by 750.
8
What is the remainder when 183180 is divided by 12211?
15
What is the remainder when 19999 is divided by 372?
283
Calculate the remainder when 7191 is divided by 1790.
31
What is the remainder when 2139 is divided by 340?
99
What is the remainder when 769991 is divided by 61?
49
Calculate the remainder when 40476 is divided by 5773.
65
What is the remainder when 111718 is divided by 228?
226
Calculate the remainder when 139388 is divided by 1202.
1158
Calculate the remainder when 159 is divided by 103.
56
Calculate the remainder when 1401242 is divided by 93416.
2
Calculate the remainder when 26080 is divided by 8663.
91
Calculate the remainder when 1020 is divided by 312.
84
What is the remainder when 22446 is divided by 105?
81
Calculate the remainder when 26438 is divided by 38.
28
What is the remainder when 142837 is divided by 20?
17
Calculate the remainder when 9028 is divided by 1111.
140
What is the remainder when 20379 is divided by 10186?
7
What is the remainder when 17951 is divided by 23?
11
Calculate the remainder when 145513 is divided by 1776.
1657
Calculate the remainder when 2063 is divided by 106.
49
What is the remainder when 448 is divided by 86?
18
What is the remainder when 1138 is divided by 263?
86
What is the remainder when 1623431 is divided by 12?
11
What is the remainder when 93599 is divided by 12?
11
What is the remainder when 3837295 is divided by 60?
55
Calculate the remainder when 73414 is divided by 5.
4
What is the remainder when 5831 is divided by 142?
9
Calculate the remainder when 25353 is divided by 12650.
53
What is the remainder when 3433 is divided by 2830?
603
Calculate the remainder when 2628677 is divided by 22661.
1
Calculate the remainder when 723 is divided by 399.
324
Calculate the remainder when 992 is divided by 961.
31
Calculate the remainder when 309494 is divided by 439.
438
What is the remainder when 15918 is divided by 40?
38
Calculate the remainder when 15623 is divided by 487.
39
Calculate the remainder when 44749 is divided by 278.
269
Calculate the remainder when 3231 is divided by 1339.
553
Calculate the remainder when 9307 is divided by 3.
1
Calculate the remainder when 106621 is divided by 136.
133
What is the remainder when 28003 is divided by 38?
35
Calculate the remainder when 1279 is divided by 11.
3
What is the remainder when 1150837 is divided by 41?
8
Calculate the remainder when 56458 is divided by 18699.
361
What is the remainder when 18251 is divided by 31?
23
Calculate the remainder when 14892 is divided by 3552.
684
What is the remainder when 142091 is divided by 28415?
16
What is the remainder when 359404 is divided by 682?
672
Calculate the remainder when 2250985 is divided by 13.
9
What is the remainder when 64 is divided by 30?
4
What is the remainder when 66870 is divided by 107?
102
Calculate the remainder when 33428 is divided by 3038.
10
Calculate the remainder when 29316 is divided by 93.
21
Calculate the remainder when 917 is divided by 264.
125
What is the remainder when 9574 is divided by 379?
99
What is the remainder when 19627 is divided by 75?
52
What is the remainder when 2579 is divided by 1938?
641
What is the remainder when 30552 is divided by 191?
183
What is the remainder when 31944 is divided by 14?
10
What is the remainder when 51581 is divided by 52?
49
Calculate the remainder when 19832 is divided by 2182.
194
What is the remainder when 29027 is divided by 7242?
59
Calculate the remainder when 2854 is divided by 93.
64
Calculate the remainder when 266572 is divided by 709.
697
Calculate the remainder when 27606 is divided by 13798.
10
Calculate the remainder when 1501 is divided by 460.
121
What is the remainder when 2776 is divided by 108?
76
Calculate the remainder when 167 is divided by 28.
27
What is the remainder when 6582562 is divided by 1494?
1492
What is the remainder when 1220 is divided by 874?
346
Calculate the remainder when 19923 is divided by 54.
51
What is the remainder when 891 is divided by 555?
336
Calculate the remainder when 41608 is divided by 13861.
25
Calculate the remainder when 286214 is divided by 269.
267
What is the remainder when 242 is divided by 185?
57
What is the remainder when 200763 is divided by 16?
11
What is the remainder when 67469 is divided by 65?
64
What is the remainder when 15365 is divided by 15344?
21
What is the remainder when 23009 is divided by 4361?
1204
Calculate the remainder when 1628 is divided by 1610.
18
Calculate the remainder when 9733 is divided by 9649.
84
What is the remainder when 92739 is divided by 17?
4
What is the remainder when 15001 is divided by 4823?
532
What is the remainder when 1315967 is divided by 34?
31
Calculate the remainder when 167448 is divided by 83721.
6
Calculate the remainder when 2680 is divided by 1424.
1256
What is the remainder when 111035 is divided by 597?
590
Calculate the remainder when 539643 is divided by 13162.
1
What is the remainder when 11799 is divided by 26?
21
What is the remainder when 7089 is divided by 1055?
759
What is the remainder when 37142 is divided by 465?
407
What is the remainder when 3169 is divided by 372?
193
Calculate the remainder when 15751 is divided by 32.
7
What is the remainder when 13535 is divided by 1690?
15
Calculate the remainder when 38479 is divided by 381.
379
What is the remainder when 16303 is divided by 5406?
85
Calculate the remainder when 128032 is divided by 13.
8
Calculate the remainder when 4722 is divided by 581.
74
What is the remainder when 57731 is divided by 649?
619
Calculate the remainder when 3612 is divided by 670.
262
Calculate the remainder when 2840565 is divided by 91.
0
What is the remainder when 8633 is divided by 556?
293
Calculate the remainder when 215575 is divided by 183.
1
Calculate the remainder when 55906 is divided by 12.
10
What is the remainder when 50217 is divided by 13?
11
What is the remainder when 4456 is divided by 563?
515
What is the remainder when 1922152 is divided by 15?
7
What is the remainder when 63012 is divided by 1502?
1430
Calculate the remainder when 56785 is divided by 25.
10
What is the remainder when 22844 is divided by 543?
38
What is the remainder when 55907 is divided by 116?
111
What is the remainder when 114836 is divided by 22964?
16
What is the remainder when 751 is divided by 448?
303
What is the remainder when 8624 is divided by 539?
0
Calculate the remainder when 1004 is divided by 246.
20
Calculate the remainder when 46827 is divided by 11702.
19
What is the remainder when 881249 is divided by 142?
139
What is the remainder when 4041 is divided by 298?
167
What is the remainder when 140555 is divided by 493?
50
Calculate the remainder when 21558 is divided by 22.
20
Calculate the remainder when 1911 is divided by 348.
171
What is the remainder when 29808 is divided by 1244?
1196
What is the remainder when 4077 is divided by 2695?
1382
Calculate the remainder when 683 is divided by 150.
83
Calculate the remainder when 233574 is divided by 301.
299
What is the remainder when 1463